{"id":1235,"date":"2026-03-26T16:15:26","date_gmt":"2026-03-26T16:15:26","guid":{"rendered":"https:\/\/sunmentors.eu\/?page_id=1235"},"modified":"2026-03-26T16:16:56","modified_gmt":"2026-03-26T16:16:56","slug":"empfehlungen-von-sunmentors","status":"publish","type":"page","link":"https:\/\/sunmentors.eu\/?page_id=1235&lang=de","title":{"rendered":"Empfehlungen von SUNMENTORS"},"content":{"rendered":"\t\t<div data-elementor-type=\"wp-page\" data-elementor-id=\"1235\" class=\"elementor elementor-1235\" data-elementor-post-type=\"page\">\n\t\t\t\t\t\t<section class=\"elementor-section elementor-top-section elementor-element elementor-element-5606479 elementor-section-boxed elementor-section-height-default elementor-section-height-default jltma-glass-effect-no\" data-id=\"5606479\" data-element_type=\"section\" data-e-type=\"section\">\n\t\t\t\t\t\t<div class=\"elementor-container elementor-column-gap-default\">\n\t\t\t\t\t<div class=\"elementor-column elementor-col-100 elementor-top-column elementor-element elementor-element-ca94bf9 jltma-glass-effect-no\" data-id=\"ca94bf9\" data-element_type=\"column\" data-e-type=\"column\">\n\t\t\t<div class=\"elementor-widget-wrap elementor-element-populated\">\n\t\t\t\t\t\t<div class=\"elementor-element elementor-element-402b995 jltma-glass-effect-no elementor-widget elementor-widget-text-editor\" data-id=\"402b995\" data-element_type=\"widget\" data-e-type=\"widget\" data-widget_type=\"text-editor.default\">\n\t\t\t\t<div class=\"elementor-widget-container\">\n\t\t\t\t\t\t\t\t\t<p><span style=\"font-weight: 400;\">Das Strategiepapier mit Empfehlungen von SUNMENTORS bietet einen strategischen Rahmen f\u00fcr die Einbindung der psychischen Gesundheit von Studierenden in die Kernsteuerung von Hochschuleinrichtungen. Da psychische Probleme bei Studierenden europaweit weiter zunehmen, sind die Hochschulen aufgefordert, \u00fcber vereinzelte Unterst\u00fctzungsangebote hinauszugehen und einen systemischeren, hochschulweiten Ansatz zu verfolgen.<\/span><\/p><p><span style=\"font-weight: 400;\">Dieses Dokument fasst die Erfahrungen und Ergebnisse des SUNMENTORS-Projekts in konkrete, evidenzbasierte Empfehlungen f\u00fcr Entscheidungstr\u00e4ger zusammen, darunter Hochschulleitungen, Dekane und politische Entscheidungstr\u00e4ger. Es betont die Notwendigkeit, das Bewusstsein f\u00fcr psychische Gesundheit und die entsprechenden Kompetenzen in die Lehrpraxis, institutionelle Strukturen und Qualit\u00e4tssicherungssysteme zu integrieren, um eine konsistente und nachhaltige Reaktion auf allen Ebenen des Hochschulwesens zu gew\u00e4hrleisten.<\/span><\/p><p><span style=\"font-weight: 400;\">Das Papier betont die entscheidende Rolle des Lehrpersonals als erste Anlaufstelle f\u00fcr Studierende in Not und unterstreicht gleichzeitig die Bedeutung klarer institutioneller Rahmenbedingungen, \u00dcberweisungswege und organisatorischer Unterst\u00fctzung. Es schl\u00e4gt praktische Strategien vor, um Schulungen zur psychischen Gesundheit in bestehende akademische Entwicklungssysteme zu integrieren, Richtlinien mit der t\u00e4glichen Praxis in Einklang zu bringen und die institutionelle Resilienz zu st\u00e4rken.<\/span><\/p><p><span style=\"font-weight: 400;\">Durch die Darstellung einer umfassenden Governance-Perspektive zielen die SUNMENTORS-Empfehlungen darauf ab, Hochschuleinrichtungen bei der Schaffung inklusiverer, reaktionsf\u00e4higerer und nachhaltigerer Lernumgebungen zu unterst\u00fctzen. Letztendlich tr\u00e4gt das Papier zu einem breiteren Wandel von reaktiven Ans\u00e4tzen hin zu proaktiven, pr\u00e4ventiven Modellen der psychischen Gesundheitsf\u00f6rderung f\u00fcr Studierende in ganz Europa bei.<\/span><\/p>\t\t\t\t\t\t\t\t<\/div>\n\t\t\t\t<\/div>\n\t\t\t\t<div class=\"elementor-element elementor-element-77b3def elementor-align-center jltma-glass-effect-no elementor-widget elementor-widget-button\" data-id=\"77b3def\" data-element_type=\"widget\" data-e-type=\"widget\" data-widget_type=\"button.default\">\n\t\t\t\t<div class=\"elementor-widget-container\">\n\t\t\t\t\t\t\t\t\t<div class=\"elementor-button-wrapper\">\n\t\t\t\t\t<a class=\"elementor-button elementor-button-link elementor-size-sm\" href=\"https:\/\/sunmentors.eu\/wp-content\/uploads\/2026\/03\/SUNMENTORS_Recommendations-for-policy-final-GE.pdf\" target=\"_blank\">\n\t\t\t\t\t\t<span class=\"elementor-button-content-wrapper\">\n\t\t\t\t\t\t\t\t\t<span class=\"elementor-button-text\">Download<\/span>\n\t\t\t\t\t<\/span>\n\t\t\t\t\t<\/a>\n\t\t\t\t<\/div>\n\t\t\t\t\t\t\t\t<\/div>\n\t\t\t\t<\/div>\n\t\t\t\t\t<\/div>\n\t\t<\/div>\n\t\t\t\t\t<\/div>\n\t\t<\/section>\n\t\t\t\t<section class=\"elementor-section elementor-top-section elementor-element elementor-element-e449b6d elementor-section-boxed elementor-section-height-default elementor-section-height-default jltma-glass-effect-no\" data-id=\"e449b6d\" data-element_type=\"section\" data-e-type=\"section\">\n\t\t\t\t\t\t<div class=\"elementor-container elementor-column-gap-default\">\n\t\t\t\t\t<div class=\"elementor-column elementor-col-100 elementor-top-column elementor-element elementor-element-bae7196 jltma-glass-effect-no\" data-id=\"bae7196\" data-element_type=\"column\" data-e-type=\"column\">\n\t\t\t<div class=\"elementor-widget-wrap\">\n\t\t\t\t\t\t\t<\/div>\n\t\t<\/div>\n\t\t\t\t\t<\/div>\n\t\t<\/section>\n\t\t\t\t<\/div>\n\t\t","protected":false},"excerpt":{"rendered":"<p>Das Strategiepapier mit Empfehlungen von SUNMENTORS bietet einen strategischen Rahmen f\u00fcr die Einbindung der psychischen Gesundheit von Studierenden in die Kernsteuerung von Hochschuleinrichtungen. Da psychische Probleme bei Studierenden europaweit weiter zunehmen, sind die Hochschulen aufgefordert, \u00fcber vereinzelte Unterst\u00fctzungsangebote hinauszugehen und einen systemischeren, hochschulweiten Ansatz zu verfolgen. Dieses Dokument fasst die Erfahrungen und Ergebnisse des SUNMENTORS-Projekts&#8230;<\/p>\n","protected":false},"author":1,"featured_media":0,"parent":0,"menu_order":0,"comment_status":"closed","ping_status":"closed","template":"elementor_header_footer","meta":{"_monsterinsights_skip_tracking":false,"_monsterinsights_sitenote_active":false,"_monsterinsights_sitenote_note":"","_monsterinsights_sitenote_category":0,"_kad_post_transparent":"","_kad_post_title":"hide","_kad_post_layout":"fullwidth","_kad_post_sidebar_id":"","_kad_post_content_style":"unboxed","_kad_post_vertical_padding":"hide","_kad_post_feature":"hide","_kad_post_feature_position":"","_kad_post_header":false,"_kad_post_footer":false,"_kad_post_classname":"","footnotes":""},"class_list":["post-1235","page","type-page","status-publish","hentry"],"_links":{"self":[{"href":"https:\/\/sunmentors.eu\/index.php?rest_route=\/wp\/v2\/pages\/1235","targetHints":{"allow":["GET"]}}],"collection":[{"href":"https:\/\/sunmentors.eu\/index.php?rest_route=\/wp\/v2\/pages"}],"about":[{"href":"https:\/\/sunmentors.eu\/index.php?rest_route=\/wp\/v2\/types\/page"}],"author":[{"embeddable":true,"href":"https:\/\/sunmentors.eu\/index.php?rest_route=\/wp\/v2\/users\/1"}],"replies":[{"embeddable":true,"href":"https:\/\/sunmentors.eu\/index.php?rest_route=%2Fwp%2Fv2%2Fcomments&post=1235"}],"version-history":[{"count":3,"href":"https:\/\/sunmentors.eu\/index.php?rest_route=\/wp\/v2\/pages\/1235\/revisions"}],"predecessor-version":[{"id":1244,"href":"https:\/\/sunmentors.eu\/index.php?rest_route=\/wp\/v2\/pages\/1235\/revisions\/1244"}],"wp:attachment":[{"href":"https:\/\/sunmentors.eu\/index.php?rest_route=%2Fwp%2Fv2%2Fmedia&parent=1235"}],"curies":[{"name":"wp","href":"https:\/\/api.w.org\/{rel}","templated":true}]}}